{"id":789,"date":"2020-09-30T18:17:30","date_gmt":"2020-09-30T22:17:30","guid":{"rendered":"https:\/\/chapiteauexpress.com\/?page_id=789"},"modified":"2025-05-24T21:16:07","modified_gmt":"2025-05-25T01:16:07","slug":"chapiteau-10x10-pop-up-ferme-vert","status":"publish","type":"page","link":"https:\/\/chapiteauexpress.com\/?page_id=789","title":{"rendered":"Chapiteau 10X10 Pop-Up Ferm\u00e9 Vert"},"content":{"rendered":"\t\t<div data-elementor-type=\"wp-page\" data-elementor-id=\"789\" class=\"elementor elementor-789\" data-elementor-settings=\"[]\">\n\t\t\t\t\t\t<div class=\"elementor-inner\">\n\t\t\t\t\t\t\t<div class=\"elementor-section-wrap\">\n\t\t\t\t\t\t\t<section class=\"elementor-section elementor-top-section elementor-element elementor-element-19e7a234 elementor-section-boxed elementor-section-height-default elementor-section-height-default\" data-id=\"19e7a234\" data-element_type=\"section\">\n\t\t\t\t\t\t<div class=\"elementor-container elementor-column-gap-default\">\n\t\t\t\t\t\t\t<div class=\"elementor-row\">\n\t\t\t\t\t<div class=\"elementor-column elementor-col-100 elementor-top-column elementor-element elementor-element-1805de6e\" data-id=\"1805de6e\" data-element_type=\"column\">\n\t\t\t<div class=\"elementor-column-wrap elementor-element-populated\">\n\t\t\t\t\t\t\t<div class=\"elementor-widget-wrap\">\n\t\t\t\t\t\t<div class=\"elementor-element elementor-element-18050319 elementor-widget elementor-widget-heading\" data-id=\"18050319\" data-element_type=\"widget\" data-widget_type=\"heading.default\">\n\t\t\t\t<div class=\"elementor-widget-container\">\n\t\t\t<h2 class=\"elementor-heading-title elementor-size-default\">Chapiteau 10X10 Pop-Up Ferm\u00e9 Gris<\/h2>\t\t<\/div>\n\t\t\t\t<\/div>\n\t\t\t\t\t\t<\/div>\n\t\t\t\t\t<\/div>\n\t\t<\/div>\n\t\t\t\t\t\t\t\t<\/div>\n\t\t\t\t\t<\/div>\n\t\t<\/section>\n\t\t\t\t<section class=\"elementor-section elementor-top-section elementor-element elementor-element-6ed2ef69 elementor-section-boxed elementor-section-height-default elementor-section-height-default\" data-id=\"6ed2ef69\" data-element_type=\"section\">\n\t\t\t\t\t\t<div class=\"elementor-container elementor-column-gap-default\">\n\t\t\t\t\t\t\t<div class=\"elementor-row\">\n\t\t\t\t\t<div class=\"elementor-column elementor-col-100 elementor-top-column elementor-element elementor-element-3e47609d\" data-id=\"3e47609d\" data-element_type=\"column\">\n\t\t\t<div class=\"elementor-column-wrap elementor-element-populated\">\n\t\t\t\t\t\t\t<div class=\"elementor-widget-wrap\">\n\t\t\t\t\t\t<div class=\"elementor-element elementor-element-573867f9 elementor-widget elementor-widget-text-editor\" data-id=\"573867f9\" data-element_type=\"widget\" data-widget_type=\"text-editor.default\">\n\t\t\t\t<div class=\"elementor-widget-container\">\n\t\t\t\t\t<div class=\"elementor-text-editor elementor-clearfix\"><p>Prix : 265,00$<\/p><\/div>\n\t\t\t\t<\/div>\n\t\t\t\t<\/div>\n\t\t\t\t\t\t<\/div>\n\t\t\t\t\t<\/div>\n\t\t<\/div>\n\t\t\t\t\t\t\t\t<\/div>\n\t\t\t\t\t<\/div>\n\t\t<\/section>\n\t\t\t\t<section class=\"elementor-section elementor-top-section elementor-element elementor-element-adfbfc9 elementor-section-boxed elementor-section-height-default elementor-section-height-default\" data-id=\"adfbfc9\" data-element_type=\"section\">\n\t\t\t\t\t\t<div class=\"elementor-container elementor-column-gap-default\">\n\t\t\t\t\t\t\t<div class=\"elementor-row\">\n\t\t\t\t\t<div class=\"elementor-column elementor-col-20 elementor-top-column elementor-element elementor-element-67b2281\" data-id=\"67b2281\" data-element_type=\"column\">\n\t\t\t<div class=\"elementor-column-wrap elementor-element-populated\">\n\t\t\t\t\t\t\t<div class=\"elementor-widget-wrap\">\n\t\t\t\t\t\t<div class=\"elementor-element elementor-element-c27e28e elementor-widget elementor-widget-image\" data-id=\"c27e28e\" data-element_type=\"widget\" data-widget_type=\"image.default\">\n\t\t\t\t<div class=\"elementor-widget-container\">\n\t\t\t\t\t<div class=\"elementor-image\">\n\t\t\t\t\t\t\t\t\t\t\t<a href=\"https:\/\/chapiteauexpress.com\/wp-content\/uploads\/2025\/05\/10x10-POP-UP-4-COTES-84C-430V00LG-GRAY-1.jpg\" data-elementor-open-lightbox=\"yes\" data-elementor-lightbox-title=\"10x10 POP-UP 4 COT\u00c9S 84C-430V00LG GRAY - 1\">\n\t\t\t\t\t\t\t<img width=\"300\" height=\"300\" src=\"https:\/\/chapiteauexpress.com\/wp-content\/uploads\/2025\/05\/10x10-POP-UP-4-COTES-84C-430V00LG-GRAY-1-300x300.jpg\" class=\"elementor-animation-grow attachment-medium size-medium\" alt=\"\" loading=\"lazy\" srcset=\"https:\/\/chapiteauexpress.com\/wp-content\/uploads\/2025\/05\/10x10-POP-UP-4-COTES-84C-430V00LG-GRAY-1-300x300.jpg 300w, https:\/\/chapiteauexpress.com\/wp-content\/uploads\/2025\/05\/10x10-POP-UP-4-COTES-84C-430V00LG-GRAY-1-1024x1024.jpg 1024w, https:\/\/chapiteauexpress.com\/wp-content\/uploads\/2025\/05\/10x10-POP-UP-4-COTES-84C-430V00LG-GRAY-1-150x150.jpg 150w, https:\/\/chapiteauexpress.com\/wp-content\/uploads\/2025\/05\/10x10-POP-UP-4-COTES-84C-430V00LG-GRAY-1-768x768.jpg 768w, https:\/\/chapiteauexpress.com\/wp-content\/uploads\/2025\/05\/10x10-POP-UP-4-COTES-84C-430V00LG-GRAY-1-1536x1536.jpg 1536w, https:\/\/chapiteauexpress.com\/wp-content\/uploads\/2025\/05\/10x10-POP-UP-4-COTES-84C-430V00LG-GRAY-1.jpg 2000w\" sizes=\"(max-width: 300px) 100vw, 300px\" \/>\t\t\t\t\t\t\t\t<\/a>\n\t\t\t\t\t\t\t\t\t\t\t<\/div>\n\t\t\t\t<\/div>\n\t\t\t\t<\/div>\n\t\t\t\t\t\t<\/div>\n\t\t\t\t\t<\/div>\n\t\t<\/div>\n\t\t\t\t<div class=\"elementor-column elementor-col-20 elementor-top-column elementor-element elementor-element-5ebdfb2\" data-id=\"5ebdfb2\" data-element_type=\"column\">\n\t\t\t<div class=\"elementor-column-wrap elementor-element-populated\">\n\t\t\t\t\t\t\t<div class=\"elementor-widget-wrap\">\n\t\t\t\t\t\t<div class=\"elementor-element elementor-element-5afbcfa elementor-widget elementor-widget-image\" data-id=\"5afbcfa\" data-element_type=\"widget\" data-widget_type=\"image.default\">\n\t\t\t\t<div class=\"elementor-widget-container\">\n\t\t\t\t\t<div class=\"elementor-image\">\n\t\t\t\t\t\t\t\t\t\t\t<a href=\"https:\/\/chapiteauexpress.com\/wp-content\/uploads\/2025\/05\/10x10-POP-UP-4-COTES-84C-430V00LG-GRAY-2.jpg\" data-elementor-open-lightbox=\"yes\" data-elementor-lightbox-title=\"10x10 POP-UP 4 COT\u00c9S 84C-430V00LG GRAY - 2\">\n\t\t\t\t\t\t\t<img width=\"300\" height=\"300\" src=\"https:\/\/chapiteauexpress.com\/wp-content\/uploads\/2025\/05\/10x10-POP-UP-4-COTES-84C-430V00LG-GRAY-2-300x300.jpg\" class=\"elementor-animation-grow attachment-medium size-medium\" alt=\"\" loading=\"lazy\" srcset=\"https:\/\/chapiteauexpress.com\/wp-content\/uploads\/2025\/05\/10x10-POP-UP-4-COTES-84C-430V00LG-GRAY-2-300x300.jpg 300w, https:\/\/chapiteauexpress.com\/wp-content\/uploads\/2025\/05\/10x10-POP-UP-4-COTES-84C-430V00LG-GRAY-2-1024x1024.jpg 1024w, https:\/\/chapiteauexpress.com\/wp-content\/uploads\/2025\/05\/10x10-POP-UP-4-COTES-84C-430V00LG-GRAY-2-150x150.jpg 150w, https:\/\/chapiteauexpress.com\/wp-content\/uploads\/2025\/05\/10x10-POP-UP-4-COTES-84C-430V00LG-GRAY-2-768x768.jpg 768w, https:\/\/chapiteauexpress.com\/wp-content\/uploads\/2025\/05\/10x10-POP-UP-4-COTES-84C-430V00LG-GRAY-2-1536x1536.jpg 1536w, https:\/\/chapiteauexpress.com\/wp-content\/uploads\/2025\/05\/10x10-POP-UP-4-COTES-84C-430V00LG-GRAY-2.jpg 2000w\" sizes=\"(max-width: 300px) 100vw, 300px\" \/>\t\t\t\t\t\t\t\t<\/a>\n\t\t\t\t\t\t\t\t\t\t\t<\/div>\n\t\t\t\t<\/div>\n\t\t\t\t<\/div>\n\t\t\t\t\t\t<\/div>\n\t\t\t\t\t<\/div>\n\t\t<\/div>\n\t\t\t\t<div class=\"elementor-column elementor-col-20 elementor-top-column elementor-element elementor-element-4441c46\" data-id=\"4441c46\" data-element_type=\"column\">\n\t\t\t<div class=\"elementor-column-wrap elementor-element-populated\">\n\t\t\t\t\t\t\t<div class=\"elementor-widget-wrap\">\n\t\t\t\t\t\t<div class=\"elementor-element elementor-element-cdac26b elementor-widget elementor-widget-image\" data-id=\"cdac26b\" data-element_type=\"widget\" data-widget_type=\"image.default\">\n\t\t\t\t<div class=\"elementor-widget-container\">\n\t\t\t\t\t<div class=\"elementor-image\">\n\t\t\t\t\t\t\t\t\t\t\t<a href=\"https:\/\/chapiteauexpress.com\/wp-content\/uploads\/2025\/05\/10x10-POP-UP-4-COTES-84C-430V00LG-GRAY-3.jpg\" data-elementor-open-lightbox=\"yes\" data-elementor-lightbox-title=\"10x10 POP-UP 4 COT\u00c9S 84C-430V00LG GRAY - 3\">\n\t\t\t\t\t\t\t<img width=\"300\" height=\"300\" src=\"https:\/\/chapiteauexpress.com\/wp-content\/uploads\/2025\/05\/10x10-POP-UP-4-COTES-84C-430V00LG-GRAY-3-300x300.jpg\" class=\"elementor-animation-grow attachment-medium size-medium\" alt=\"\" loading=\"lazy\" srcset=\"https:\/\/chapiteauexpress.com\/wp-content\/uploads\/2025\/05\/10x10-POP-UP-4-COTES-84C-430V00LG-GRAY-3-300x300.jpg 300w, https:\/\/chapiteauexpress.com\/wp-content\/uploads\/2025\/05\/10x10-POP-UP-4-COTES-84C-430V00LG-GRAY-3-1024x1024.jpg 1024w, https:\/\/chapiteauexpress.com\/wp-content\/uploads\/2025\/05\/10x10-POP-UP-4-COTES-84C-430V00LG-GRAY-3-150x150.jpg 150w, https:\/\/chapiteauexpress.com\/wp-content\/uploads\/2025\/05\/10x10-POP-UP-4-COTES-84C-430V00LG-GRAY-3-768x768.jpg 768w, https:\/\/chapiteauexpress.com\/wp-content\/uploads\/2025\/05\/10x10-POP-UP-4-COTES-84C-430V00LG-GRAY-3-1536x1536.jpg 1536w, https:\/\/chapiteauexpress.com\/wp-content\/uploads\/2025\/05\/10x10-POP-UP-4-COTES-84C-430V00LG-GRAY-3.jpg 2000w\" sizes=\"(max-width: 300px) 100vw, 300px\" \/>\t\t\t\t\t\t\t\t<\/a>\n\t\t\t\t\t\t\t\t\t\t\t<\/div>\n\t\t\t\t<\/div>\n\t\t\t\t<\/div>\n\t\t\t\t\t\t<\/div>\n\t\t\t\t\t<\/div>\n\t\t<\/div>\n\t\t\t\t<div class=\"elementor-column elementor-col-20 elementor-top-column elementor-element elementor-element-f21b245\" data-id=\"f21b245\" data-element_type=\"column\">\n\t\t\t<div class=\"elementor-column-wrap elementor-element-populated\">\n\t\t\t\t\t\t\t<div class=\"elementor-widget-wrap\">\n\t\t\t\t\t\t<div class=\"elementor-element elementor-element-d2a0f51 elementor-widget elementor-widget-image\" data-id=\"d2a0f51\" data-element_type=\"widget\" data-widget_type=\"image.default\">\n\t\t\t\t<div class=\"elementor-widget-container\">\n\t\t\t\t\t<div class=\"elementor-image\">\n\t\t\t\t\t\t\t\t\t\t\t<a href=\"https:\/\/chapiteauexpress.com\/wp-content\/uploads\/2025\/05\/10x10-POP-UP-4-COTES-84C-430V00LG-GRAY-4.jpg\" data-elementor-open-lightbox=\"yes\" data-elementor-lightbox-title=\"10x10 POP-UP 4 COT\u00c9S 84C-430V00LG GRAY - 4\">\n\t\t\t\t\t\t\t<img width=\"300\" height=\"300\" src=\"https:\/\/chapiteauexpress.com\/wp-content\/uploads\/2025\/05\/10x10-POP-UP-4-COTES-84C-430V00LG-GRAY-4-300x300.jpg\" class=\"elementor-animation-grow attachment-medium size-medium\" alt=\"\" loading=\"lazy\" srcset=\"https:\/\/chapiteauexpress.com\/wp-content\/uploads\/2025\/05\/10x10-POP-UP-4-COTES-84C-430V00LG-GRAY-4-300x300.jpg 300w, https:\/\/chapiteauexpress.com\/wp-content\/uploads\/2025\/05\/10x10-POP-UP-4-COTES-84C-430V00LG-GRAY-4-1024x1024.jpg 1024w, https:\/\/chapiteauexpress.com\/wp-content\/uploads\/2025\/05\/10x10-POP-UP-4-COTES-84C-430V00LG-GRAY-4-150x150.jpg 150w, https:\/\/chapiteauexpress.com\/wp-content\/uploads\/2025\/05\/10x10-POP-UP-4-COTES-84C-430V00LG-GRAY-4-768x768.jpg 768w, https:\/\/chapiteauexpress.com\/wp-content\/uploads\/2025\/05\/10x10-POP-UP-4-COTES-84C-430V00LG-GRAY-4-1536x1536.jpg 1536w, https:\/\/chapiteauexpress.com\/wp-content\/uploads\/2025\/05\/10x10-POP-UP-4-COTES-84C-430V00LG-GRAY-4.jpg 2000w\" sizes=\"(max-width: 300px) 100vw, 300px\" \/>\t\t\t\t\t\t\t\t<\/a>\n\t\t\t\t\t\t\t\t\t\t\t<\/div>\n\t\t\t\t<\/div>\n\t\t\t\t<\/div>\n\t\t\t\t\t\t<\/div>\n\t\t\t\t\t<\/div>\n\t\t<\/div>\n\t\t\t\t<div class=\"elementor-column elementor-col-20 elementor-top-column elementor-element elementor-element-85de3f7\" data-id=\"85de3f7\" data-element_type=\"column\">\n\t\t\t<div class=\"elementor-column-wrap\">\n\t\t\t\t\t\t\t<div class=\"elementor-widget-wrap\">\n\t\t\t\t\t\t\t\t<\/div>\n\t\t\t\t\t<\/div>\n\t\t<\/div>\n\t\t\t\t\t\t\t\t<\/div>\n\t\t\t\t\t<\/div>\n\t\t<\/section>\n\t\t\t\t<section class=\"elementor-section elementor-top-section elementor-element elementor-element-579329fd elementor-section-boxed elementor-section-height-default elementor-section-height-default\" data-id=\"579329fd\" data-element_type=\"section\">\n\t\t\t\t\t\t<div class=\"elementor-container elementor-column-gap-default\">\n\t\t\t\t\t\t\t<div class=\"elementor-row\">\n\t\t\t\t\t<div class=\"elementor-column elementor-col-100 elementor-top-column elementor-element elementor-element-396ba44e\" data-id=\"396ba44e\" data-element_type=\"column\">\n\t\t\t<div class=\"elementor-column-wrap elementor-element-populated\">\n\t\t\t\t\t\t\t<div class=\"elementor-widget-wrap\">\n\t\t\t\t\t\t<div class=\"elementor-element elementor-element-35ad91 elementor-widget elementor-widget-heading\" data-id=\"35ad91\" data-element_type=\"widget\" data-widget_type=\"heading.default\">\n\t\t\t\t<div class=\"elementor-widget-container\">\n\t\t\t<h3 class=\"elementor-heading-title elementor-size-default\">Caract\u00e9ristiques<\/h3>\t\t<\/div>\n\t\t\t\t<\/div>\n\t\t\t\t\t\t<\/div>\n\t\t\t\t\t<\/div>\n\t\t<\/div>\n\t\t\t\t\t\t\t\t<\/div>\n\t\t\t\t\t<\/div>\n\t\t<\/section>\n\t\t\t\t<section class=\"elementor-section elementor-top-section elementor-element elementor-element-4504c475 elementor-section-boxed elementor-section-height-default elementor-section-height-default\" data-id=\"4504c475\" data-element_type=\"section\">\n\t\t\t\t\t\t<div class=\"elementor-container elementor-column-gap-default\">\n\t\t\t\t\t\t\t<div class=\"elementor-row\">\n\t\t\t\t\t<div class=\"elementor-column elementor-col-100 elementor-top-column elementor-element elementor-element-5fa0ea22\" data-id=\"5fa0ea22\" data-element_type=\"column\">\n\t\t\t<div class=\"elementor-column-wrap elementor-element-populated\">\n\t\t\t\t\t\t\t<div class=\"elementor-widget-wrap\">\n\t\t\t\t\t\t<div class=\"elementor-element elementor-element-5e57ab07 elementor-widget elementor-widget-text-editor\" data-id=\"5e57ab07\" data-element_type=\"widget\" data-widget_type=\"text-editor.default\">\n\t\t\t\t<div class=\"elementor-widget-container\">\n\t\t\t\t\t<div class=\"elementor-text-editor elementor-clearfix\"><ul><li>Mat\u00e9riau Oxford enduit d&rsquo;argent haute densit\u00e9 r\u00e9sistant \u00e0 l&rsquo;eau et aux UV<\/li><li>Section de toit avec sous-couche gris clair pour les rayons UV et la r\u00e9duction de la chaleur<\/li><li>Le cadre instantan\u00e9 d&rsquo;une seule pi\u00e8ce s&rsquo;installe en quelques secondes, il suffit de l&rsquo;\u00e9tendre pour l&rsquo;ouvrir<\/li><li>Construit avec un cadre en acier enduit de poudre d&rsquo;une r\u00e9sistance et une durabilit\u00e9 sup\u00e9rieure<\/li><li>Excellente ventilation avec 2 portes zipp\u00e9es et deux fen\u00eatres<\/li><li>Les pieds t\u00e9lescopiques s&rsquo;enclenchent \u00e0 3 hauteurs r\u00e9glables<\/li><li>Les \u00e9crous et boulons de connexion sont de qualit\u00e9 robuste et toutes les extr\u00e9mit\u00e9s des pattes sont recouvertes de capuchons en plastique moul\u00e9s<\/li><li>Toit en pointe au look \u00e9l\u00e9gant<\/li><li>Inclut un sac de transport pour un rangement et un transport faciles<\/li><li>4 cordes et 8 piquets pour plus de stabilit\u00e9, il est fortement recommand\u00e9 d&rsquo;utiliser pour plus de stabilit\u00e9<\/li><\/ul><\/div>\n\t\t\t\t<\/div>\n\t\t\t\t<\/div>\n\t\t\t\t\t\t<\/div>\n\t\t\t\t\t<\/div>\n\t\t<\/div>\n\t\t\t\t\t\t\t\t<\/div>\n\t\t\t\t\t<\/div>\n\t\t<\/section>\n\t\t\t\t<section class=\"elementor-section elementor-top-section elementor-element elementor-element-37535efe elementor-section-boxed elementor-section-height-default elementor-section-height-default\" data-id=\"37535efe\" data-element_type=\"section\">\n\t\t\t\t\t\t<div class=\"elementor-container elementor-column-gap-default\">\n\t\t\t\t\t\t\t<div class=\"elementor-row\">\n\t\t\t\t\t<div class=\"elementor-column elementor-col-100 elementor-top-column elementor-element elementor-element-672d3e2d\" data-id=\"672d3e2d\" data-element_type=\"column\">\n\t\t\t<div class=\"elementor-column-wrap elementor-element-populated\">\n\t\t\t\t\t\t\t<div class=\"elementor-widget-wrap\">\n\t\t\t\t\t\t<div class=\"elementor-element elementor-element-2f82204b elementor-widget elementor-widget-heading\" data-id=\"2f82204b\" data-element_type=\"widget\" data-widget_type=\"heading.default\">\n\t\t\t\t<div class=\"elementor-widget-container\">\n\t\t\t<h3 class=\"elementor-heading-title elementor-size-default\">Sp\u00e9cifications<\/h3>\t\t<\/div>\n\t\t\t\t<\/div>\n\t\t\t\t\t\t<\/div>\n\t\t\t\t\t<\/div>\n\t\t<\/div>\n\t\t\t\t\t\t\t\t<\/div>\n\t\t\t\t\t<\/div>\n\t\t<\/section>\n\t\t\t\t<section class=\"elementor-section elementor-top-section elementor-element elementor-element-34df7174 elementor-section-boxed elementor-section-height-default elementor-section-height-default\" data-id=\"34df7174\" data-element_type=\"section\">\n\t\t\t\t\t\t<div class=\"elementor-container elementor-column-gap-default\">\n\t\t\t\t\t\t\t<div class=\"elementor-row\">\n\t\t\t\t\t<div class=\"elementor-column elementor-col-100 elementor-top-column elementor-element elementor-element-4cad4cd5\" data-id=\"4cad4cd5\" data-element_type=\"column\">\n\t\t\t<div class=\"elementor-column-wrap elementor-element-populated\">\n\t\t\t\t\t\t\t<div class=\"elementor-widget-wrap\">\n\t\t\t\t\t\t<div class=\"elementor-element elementor-element-b91ccee elementor-widget elementor-widget-text-editor\" data-id=\"b91ccee\" data-element_type=\"widget\" data-widget_type=\"text-editor.default\">\n\t\t\t\t<div class=\"elementor-widget-container\">\n\t\t\t\t\t<div class=\"elementor-text-editor elementor-clearfix\"><ul><li>Couleur: Gris<\/li><li>Mat\u00e9riau: Acier et Tissu Oxford<\/li><li>Taille globale: 9,8 pi x 9,8 pi<\/li><li>Hauteur: 8,4 pieds au sommet 6,4 pieds sur le c\u00f4t\u00e9<\/li><li>Taille de la fen\u00eatre: 6,1 &lsquo;L x 2,8&rsquo; W<\/li><li>Taille pli\u00e9e: 46,7 \u00ab\u00a0L x 7,1\u00a0\u00bb L x 7,1 \u00ab\u00a0H<\/li><li>Poids net: 35,2 lb<\/li><\/ul><\/div>\n\t\t\t\t<\/div>\n\t\t\t\t<\/div>\n\t\t\t\t\t\t<\/div>\n\t\t\t\t\t<\/div>\n\t\t<\/div>\n\t\t\t\t\t\t\t\t<\/div>\n\t\t\t\t\t<\/div>\n\t\t<\/section>\n\t\t\t\t<section class=\"elementor-section elementor-top-section elementor-element elementor-element-56a0c5b7 elementor-section-boxed elementor-section-height-default elementor-section-height-default\" data-id=\"56a0c5b7\" data-element_type=\"section\">\n\t\t\t\t\t\t<div class=\"elementor-container elementor-column-gap-default\">\n\t\t\t\t\t\t\t<div class=\"elementor-row\">\n\t\t\t\t\t<div class=\"elementor-column elementor-col-100 elementor-top-column elementor-element elementor-element-7d0cfae6\" data-id=\"7d0cfae6\" data-element_type=\"column\">\n\t\t\t<div class=\"elementor-column-wrap elementor-element-populated\">\n\t\t\t\t\t\t\t<div class=\"elementor-widget-wrap\">\n\t\t\t\t\t\t<div class=\"elementor-element elementor-element-4e916454 elementor-widget elementor-widget-text-editor\" data-id=\"4e916454\" data-element_type=\"widget\" data-widget_type=\"text-editor.default\">\n\t\t\t\t<div class=\"elementor-widget-container\">\n\t\t\t\t\t<div class=\"elementor-text-editor elementor-clearfix\"><p><strong>Remarque: veuillez vous assurer que l&rsquo;article est correctement install\u00e9 et fermement ancr\u00e9 pour une efficacit\u00e9 maximale.<\/strong><\/p><\/div>\n\t\t\t\t<\/div>\n\t\t\t\t<\/div>\n\t\t\t\t\t\t<\/div>\n\t\t\t\t\t<\/div>\n\t\t<\/div>\n\t\t\t\t\t\t\t\t<\/div>\n\t\t\t\t\t<\/div>\n\t\t<\/section>\n\t\t\t\t<section class=\"elementor-section elementor-top-section elementor-element elementor-element-4d71d76c elementor-section-boxed elementor-section-height-default elementor-section-height-default\" data-id=\"4d71d76c\" data-element_type=\"section\">\n\t\t\t\t\t\t<div class=\"elementor-container elementor-column-gap-default\">\n\t\t\t\t\t\t\t<div class=\"elementor-row\">\n\t\t\t\t\t<div class=\"elementor-column elementor-col-100 elementor-top-column elementor-element elementor-element-176ccc75\" data-id=\"176ccc75\" data-element_type=\"column\">\n\t\t\t<div class=\"elementor-column-wrap elementor-element-populated\">\n\t\t\t\t\t\t\t<div class=\"elementor-widget-wrap\">\n\t\t\t\t\t\t<div class=\"elementor-element elementor-element-6f8dc50c elementor-widget elementor-widget-text-editor\" data-id=\"6f8dc50c\" data-element_type=\"widget\" data-widget_type=\"text-editor.default\">\n\t\t\t\t<div class=\"elementor-widget-container\">\n\t\t\t\t\t<div class=\"elementor-text-editor elementor-clearfix\"><p>Chapiteau Express n&rsquo;est pas responsable de tous dommages caus\u00e9s si le chapiteau est laiss\u00e9 expos\u00e9 \u00e0 des conditions m\u00e9t\u00e9orologiques inad\u00e9quates (pluie, neige ou \u00e0 des vents extr\u00eames). Vente finale, pas de garantie, retour ou \u00e9change. Nous vous remercions de votre confiance.<\/p><\/div>\n\t\t\t\t<\/div>\n\t\t\t\t<\/div>\n\t\t\t\t\t\t<\/div>\n\t\t\t\t\t<\/div>\n\t\t<\/div>\n\t\t\t\t\t\t\t\t<\/div>\n\t\t\t\t\t<\/div>\n\t\t<\/section>\n\t\t\t\t<section class=\"elementor-section elementor-top-section elementor-element elementor-element-77a9918f elementor-section-boxed elementor-section-height-default elementor-section-height-default\" data-id=\"77a9918f\" data-element_type=\"section\">\n\t\t\t\t\t\t<div class=\"elementor-container elementor-column-gap-default\">\n\t\t\t\t\t\t\t<div class=\"elementor-row\">\n\t\t\t\t\t<div class=\"elementor-column elementor-col-100 elementor-top-column elementor-element elementor-element-4ccbcd10\" data-id=\"4ccbcd10\" data-element_type=\"column\">\n\t\t\t<div class=\"elementor-column-wrap elementor-element-populated\">\n\t\t\t\t\t\t\t<div class=\"elementor-widget-wrap\">\n\t\t\t\t\t\t<div class=\"elementor-element elementor-element-55315f62 elementor-widget elementor-widget-spacer\" data-id=\"55315f62\" data-element_type=\"widget\" data-widget_type=\"spacer.default\">\n\t\t\t\t<div class=\"elementor-widget-container\">\n\t\t\t\t\t<div class=\"elementor-spacer\">\n\t\t\t<div class=\"elementor-spacer-inner\"><\/div>\n\t\t<\/div>\n\t\t\t\t<\/div>\n\t\t\t\t<\/div>\n\t\t\t\t\t\t<\/div>\n\t\t\t\t\t<\/div>\n\t\t<\/div>\n\t\t\t\t\t\t\t\t<\/div>\n\t\t\t\t\t<\/div>\n\t\t<\/section>\n\t\t\t\t\t\t<\/div>\n\t\t\t\t\t\t<\/div>\n\t\t\t\t\t<\/div>\n\t\t","protected":false},"excerpt":{"rendered":"<p>Chapiteau 10X10 Pop-Up Ferm\u00e9 Gris Prix : 265,00$ Caract\u00e9ristiques Mat\u00e9riau Oxford enduit d&rsquo;argent haute densit\u00e9 r\u00e9sistant \u00e0 l&rsquo;eau et aux UV Section de toit avec sous-couche gris clair pour les rayons UV et la r\u00e9duction&hellip;<\/p>\n","protected":false},"author":1,"featured_media":0,"parent":447,"menu_order":0,"comment_status":"closed","ping_status":"closed","template":"template-parts\/template-page-builders.php","meta":[],"_links":{"self":[{"href":"https:\/\/chapiteauexpress.com\/index.php?rest_route=\/wp\/v2\/pages\/789"}],"collection":[{"href":"https:\/\/chapiteauexpress.com\/index.php?rest_route=\/wp\/v2\/pages"}],"about":[{"href":"https:\/\/chapiteauexpress.com\/index.php?rest_route=\/wp\/v2\/types\/page"}],"author":[{"embeddable":true,"href":"https:\/\/chapiteauexpress.com\/index.php?rest_route=\/wp\/v2\/users\/1"}],"replies":[{"embeddable":true,"href":"https:\/\/chapiteauexpress.com\/index.php?rest_route=%2Fwp%2Fv2%2Fcomments&post=789"}],"version-history":[{"count":17,"href":"https:\/\/chapiteauexpress.com\/index.php?rest_route=\/wp\/v2\/pages\/789\/revisions"}],"predecessor-version":[{"id":2454,"href":"https:\/\/chapiteauexpress.com\/index.php?rest_route=\/wp\/v2\/pages\/789\/revisions\/2454"}],"up":[{"embeddable":true,"href":"https:\/\/chapiteauexpress.com\/index.php?rest_route=\/wp\/v2\/pages\/447"}],"wp:attachment":[{"href":"https:\/\/chapiteauexpress.com\/index.php?rest_route=%2Fwp%2Fv2%2Fmedia&parent=789"}],"curies":[{"name":"wp","href":"https:\/\/api.w.org\/{rel}","templated":true}]}}